{"id":1496,"date":"2023-04-24T09:25:55","date_gmt":"2023-04-24T12:25:55","guid":{"rendered":"https:\/\/puskurum.com\/?page_id=1496"},"modified":"2023-07-10T16:33:56","modified_gmt":"2023-07-10T19:33:56","slug":"conferences","status":"publish","type":"page","link":"https:\/\/puskurum.com\/index.php\/conferences\/","title":{"rendered":"CONFERENCES"},"content":{"rendered":"\t\t<div data-elementor-type=\"wp-page\" data-elementor-id=\"1496\" class=\"elementor elementor-1496\">\n\t\t\t\t\t\t\t\t\t<section class=\"elementor-section elementor-top-section elementor-element elementor-element-e08b4a4 elementor-section-boxed elementor-section-height-default elementor-section-height-default\" data-id=\"e08b4a4\" data-element_type=\"section\">\n\t\t\t\t\t\t<div class=\"elementor-container elementor-column-gap-default\">\n\t\t\t\t\t<div class=\"elementor-column elementor-col-100 elementor-top-column elementor-element elementor-element-849cd68\" data-id=\"849cd68\" data-element_type=\"column\">\n\t\t\t<div class=\"elementor-widget-wrap elementor-element-populated\">\n\t\t\t\t\t\t\t\t<div class=\"elementor-element elementor-element-2b53b89 elementor-widget elementor-widget-spacer\" data-id=\"2b53b89\" data-element_type=\"widget\" data-widget_type=\"spacer.default\">\n\t\t\t\t<div class=\"elementor-widget-container\">\n\t\t\t<style>\/*! elementor - v3.15.0 - 09-08-2023 *\/\n.elementor-column .elementor-spacer-inner{height:var(--spacer-size)}.e-con{--container-widget-width:100%}.e-con-inner>.elementor-widget-spacer,.e-con>.elementor-widget-spacer{width:var(--container-widget-width,var(--spacer-size));--align-self:var(--container-widget-align-self,initial);--flex-shrink:0}.e-con-inner>.elementor-widget-spacer>.elementor-widget-container,.e-con-inner>.elementor-widget-spacer>.elementor-widget-container>.elementor-spacer,.e-con>.elementor-widget-spacer>.elementor-widget-container,.e-con>.elementor-widget-spacer>.elementor-widget-container>.elementor-spacer{height:100%}.e-con-inner>.elementor-widget-spacer>.elementor-widget-container>.elementor-spacer>.elementor-spacer-inner,.e-con>.elementor-widget-spacer>.elementor-widget-container>.elementor-spacer>.elementor-spacer-inner{height:var(--container-widget-height,var(--spacer-size))}<\/style>\t\t<div class=\"elementor-spacer\">\n\t\t\t<div class=\"elementor-spacer-inner\"><\/div>\n\t\t<\/div>\n\t\t\t\t<\/div>\n\t\t\t\t<\/div>\n\t\t\t\t<div class=\"elementor-element elementor-element-7707efb elementor-widget elementor-widget-heading\" data-id=\"7707efb\" data-element_type=\"widget\" data-widget_type=\"heading.default\">\n\t\t\t\t<div class=\"elementor-widget-container\">\n\t\t\t<style>\/*! elementor - v3.15.0 - 09-08-2023 *\/\n.elementor-heading-title{padding:0;margin:0;line-height:1}.elementor-widget-heading .elementor-heading-title[class*=elementor-size-]>a{color:inherit;font-size:inherit;line-height:inherit}.elementor-widget-heading .elementor-heading-title.elementor-size-small{font-size:15px}.elementor-widget-heading .elementor-heading-title.elementor-size-medium{font-size:19px}.elementor-widget-heading .elementor-heading-title.elementor-size-large{font-size:29px}.elementor-widget-heading .elementor-heading-title.elementor-size-xl{font-size:39px}.elementor-widget-heading .elementor-heading-title.elementor-size-xxl{font-size:59px}<\/style><h2 class=\"elementor-heading-title elementor-size-default\">CONFERENCES<\/h2>\t\t<\/div>\n\t\t\t\t<\/div>\n\t\t\t\t<div class=\"elementor-element elementor-element-2c24c2e elementor-widget elementor-widget-spacer\" data-id=\"2c24c2e\" data-element_type=\"widget\" data-widget_type=\"spacer.default\">\n\t\t\t\t<div class=\"elementor-widget-container\">\n\t\t\t\t\t<div class=\"elementor-spacer\">\n\t\t\t<div class=\"elementor-spacer-inner\"><\/div>\n\t\t<\/div>\n\t\t\t\t<\/div>\n\t\t\t\t<\/div>\n\t\t\t\t\t<\/div>\n\t\t<\/div>\n\t\t\t\t\t\t\t<\/div>\n\t\t<\/section>\n\t\t\t\t<section class=\"elementor-section elementor-top-section elementor-element elementor-element-db90808 elementor-section-boxed elementor-section-height-default elementor-section-height-default\" data-id=\"db90808\" data-element_type=\"section\">\n\t\t\t\t\t\t<div class=\"elementor-container elementor-column-gap-default\">\n\t\t\t\t\t<div class=\"elementor-column elementor-col-100 elementor-top-column elementor-element elementor-element-63e3ea1\" data-id=\"63e3ea1\" data-element_type=\"column\">\n\t\t\t<div class=\"elementor-widget-wrap elementor-element-populated\">\n\t\t\t\t\t\t\t\t<div class=\"elementor-element elementor-element-04baf77 elementor-widget elementor-widget-heading\" data-id=\"04baf77\" data-element_type=\"widget\" data-widget_type=\"heading.default\">\n\t\t\t\t<div class=\"elementor-widget-container\">\n\t\t\t<h4 class=\"elementor-heading-title elementor-size-default\">MedGU - 2021<\/h4>\t\t<\/div>\n\t\t\t\t<\/div>\n\t\t\t\t<div class=\"elementor-element elementor-element-533e986 elementor-widget elementor-widget-text-editor\" data-id=\"533e986\" data-element_type=\"widget\" data-widget_type=\"text-editor.default\">\n\t\t\t\t<div class=\"elementor-widget-container\">\n\t\t\t<style>\/*! elementor - v3.15.0 - 09-08-2023 *\/\n.elementor-widget-text-editor.elementor-drop-cap-view-stacked .elementor-drop-cap{background-color:#69727d;color:#fff}.elementor-widget-text-editor.elementor-drop-cap-view-framed .elementor-drop-cap{color:#69727d;border:3px solid;background-color:transparent}.elementor-widget-text-editor:not(.elementor-drop-cap-view-default) .elementor-drop-cap{margin-top:8px}.elementor-widget-text-editor:not(.elementor-drop-cap-view-default) .elementor-drop-cap-letter{width:1em;height:1em}.elementor-widget-text-editor .elementor-drop-cap{float:left;text-align:center;line-height:1;font-size:50px}.elementor-widget-text-editor .elementor-drop-cap-letter{display:inline-block}<\/style>\t\t\t\t<p><span style=\"font-weight: 400;\">The P\u00dcSK\u00dcR\u00dcM project was presented at the <\/span><a href=\"https:\/\/medgu.org\/2021\/\"><span style=\"font-weight: 400;\">1st Mediterranean Geoscience Union (MedGU) <\/span><\/a><span style=\"font-weight: 400;\">\u00a0Conference held in Istanbul in November 2021. The Phd student Rengin \u00d6zsoy and Dr. Ivan Suny\u00e9 Puchol (PI of the project) had introduced P\u00dcSK\u00dcR\u00dcM to the national and international community in Turkey, getting valuable feedback and potential collaborations.<\/span><\/p>\t\t\t\t\t\t<\/div>\n\t\t\t\t<\/div>\n\t\t\t\t\t<\/div>\n\t\t<\/div>\n\t\t\t\t\t\t\t<\/div>\n\t\t<\/section>\n\t\t\t\t<section class=\"elementor-section elementor-top-section elementor-element elementor-element-92e47c6 elementor-section-boxed elementor-section-height-default elementor-section-height-default\" data-id=\"92e47c6\" data-element_type=\"section\">\n\t\t\t\t\t\t<div class=\"elementor-container elementor-column-gap-default\">\n\t\t\t\t\t<div class=\"elementor-column elementor-col-100 elementor-top-column elementor-element elementor-element-3b7038b\" data-id=\"3b7038b\" data-element_type=\"column\">\n\t\t\t<div class=\"elementor-widget-wrap elementor-element-populated\">\n\t\t\t\t\t\t\t\t<div class=\"elementor-element elementor-element-b099923 elementor-widget elementor-widget-image\" data-id=\"b099923\" data-element_type=\"widget\" data-widget_type=\"image.default\">\n\t\t\t\t<div class=\"elementor-widget-container\">\n\t\t\t<style>\/*! elementor - v3.15.0 - 09-08-2023 *\/\n.elementor-widget-image{text-align:center}.elementor-widget-image a{display:inline-block}.elementor-widget-image a img[src$=\".svg\"]{width:48px}.elementor-widget-image img{vertical-align:middle;display:inline-block}<\/style>\t\t\t\t\t\t\t\t\t\t\t\t\t<a href=\"http:\/\/puskurum.com\/wp-content\/uploads\/2023\/06\/image8-1-e1688538548286.jpg\" data-elementor-open-lightbox=\"yes\" data-elementor-lightbox-title=\"image8\" data-e-action-hash=\"#elementor-action%3Aaction%3Dlightbox%26settings%3DeyJpZCI6MTgzMCwidXJsIjoiaHR0cHM6XC9cL3B1c2t1cnVtLmNvbVwvd3AtY29udGVudFwvdXBsb2Fkc1wvMjAyM1wvMDZcL2ltYWdlOC0xLWUxNjg4NTM4NTQ4Mjg2LmpwZyJ9\">\n\t\t\t\t\t\t\t<img decoding=\"async\" width=\"1024\" height=\"371\" src=\"https:\/\/puskurum.com\/wp-content\/uploads\/2023\/06\/image8-1-e1688538548286-1024x371.jpg\" class=\"attachment-large size-large wp-image-1830\" alt=\"\" loading=\"lazy\" srcset=\"https:\/\/puskurum.com\/wp-content\/uploads\/2023\/06\/image8-1-e1688538548286-1024x371.jpg 1024w, https:\/\/puskurum.com\/wp-content\/uploads\/2023\/06\/image8-1-e1688538548286-300x109.jpg 300w, https:\/\/puskurum.com\/wp-content\/uploads\/2023\/06\/image8-1-e1688538548286-768x278.jpg 768w, https:\/\/puskurum.com\/wp-content\/uploads\/2023\/06\/image8-1-e1688538548286.jpg 1294w\" sizes=\"(max-width: 1024px) 100vw, 1024px\" \/>\t\t\t\t\t\t\t\t<\/a>\n\t\t\t\t\t\t\t\t\t\t\t\t\t\t\t<\/div>\n\t\t\t\t<\/div>\n\t\t\t\t\t<\/div>\n\t\t<\/div>\n\t\t\t\t\t\t\t<\/div>\n\t\t<\/section>\n\t\t\t\t<section class=\"elementor-section elementor-top-section elementor-element elementor-element-e72eee3 elementor-section-boxed elementor-section-height-default elementor-section-height-default\" data-id=\"e72eee3\" data-element_type=\"section\">\n\t\t\t\t\t\t<div class=\"elementor-container elementor-column-gap-default\">\n\t\t\t\t\t<div class=\"elementor-column elementor-col-100 elementor-top-column elementor-element elementor-element-176b997\" data-id=\"176b997\" data-element_type=\"column\">\n\t\t\t<div class=\"elementor-widget-wrap elementor-element-populated\">\n\t\t\t\t\t\t\t\t<div class=\"elementor-element elementor-element-9a9a86d elementor-widget elementor-widget-spacer\" data-id=\"9a9a86d\" data-element_type=\"widget\" data-widget_type=\"spacer.default\">\n\t\t\t\t<div class=\"elementor-widget-container\">\n\t\t\t\t\t<div class=\"elementor-spacer\">\n\t\t\t<div class=\"elementor-spacer-inner\"><\/div>\n\t\t<\/div>\n\t\t\t\t<\/div>\n\t\t\t\t<\/div>\n\t\t\t\t<div class=\"elementor-element elementor-element-570f53b elementor-widget elementor-widget-heading\" data-id=\"570f53b\" data-element_type=\"widget\" data-widget_type=\"heading.default\">\n\t\t\t\t<div class=\"elementor-widget-container\">\n\t\t\t<h4 class=\"elementor-heading-title elementor-size-default\">75th Geological Congress of Turkey - 2023 <\/h4>\t\t<\/div>\n\t\t\t\t<\/div>\n\t\t\t\t<div class=\"elementor-element elementor-element-7c74b56 elementor-widget elementor-widget-text-editor\" data-id=\"7c74b56\" data-element_type=\"widget\" data-widget_type=\"text-editor.default\">\n\t\t\t\t<div class=\"elementor-widget-container\">\n\t\t\t\t\t\t\t<p><span style=\"font-weight: 400;\">In April 2023 Rengin \u00d6zsoy and Simge Kaya have presented the first results of their PhD and Master thesis to the <\/span><a href=\"http:\/\/tjk.jmo.org.tr\/index.php?kod=150&amp;lg=en\"><span style=\"font-weight: 400;\">75th Geological Congress of Turkey<\/span><\/a><span style=\"font-weight: 400;\">. Rengin have introduced the chemico-physical characterization of Belbashani Pumice (a large explosive eruption from Hasanda\u011f volcano), and Simge the preliminary results of a petrologic study about Erciyes Holocene pyroclastic deposits (Karag\u00fcll\u00fc, Perikartin and Dikkartin eruptions). This was a great opportunity to keep disseminating the rationale and initial results of P\u00dcSK\u00dcR\u00dcM project within the geoscience community of Turkey. <\/span><\/p>\t\t\t\t\t\t<\/div>\n\t\t\t\t<\/div>\n\t\t\t\t\t<\/div>\n\t\t<\/div>\n\t\t\t\t\t\t\t<\/div>\n\t\t<\/section>\n\t\t\t\t<section class=\"elementor-section elementor-top-section elementor-element elementor-element-0897ae4 elementor-section-boxed elementor-section-height-default elementor-section-height-default\" data-id=\"0897ae4\" data-element_type=\"section\">\n\t\t\t\t\t\t<div class=\"elementor-container elementor-column-gap-default\">\n\t\t\t\t\t<div class=\"elementor-column elementor-col-100 elementor-top-column elementor-element elementor-element-46df103\" data-id=\"46df103\" data-element_type=\"column\">\n\t\t\t<div class=\"elementor-widget-wrap elementor-element-populated\">\n\t\t\t\t\t\t\t\t<div class=\"elementor-element elementor-element-66a9f45 elementor-widget elementor-widget-image\" data-id=\"66a9f45\" data-element_type=\"widget\" data-widget_type=\"image.default\">\n\t\t\t\t<div class=\"elementor-widget-container\">\n\t\t\t\t\t\t\t\t\t\t\t\t\t\t\t\t<a href=\"http:\/\/puskurum.com\/wp-content\/uploads\/2023\/07\/33880_14_29_55.png\" data-elementor-open-lightbox=\"yes\" data-elementor-lightbox-title=\"33880_14_29_55\" data-e-action-hash=\"#elementor-action%3Aaction%3Dlightbox%26settings%3DeyJpZCI6MjEwMCwidXJsIjoiaHR0cHM6XC9cL3B1c2t1cnVtLmNvbVwvd3AtY29udGVudFwvdXBsb2Fkc1wvMjAyM1wvMDdcLzMzODgwXzE0XzI5XzU1LnBuZyJ9\">\n\t\t\t\t\t\t\t<img decoding=\"async\" width=\"900\" height=\"560\" src=\"https:\/\/puskurum.com\/wp-content\/uploads\/2023\/07\/33880_14_29_55.png\" class=\"attachment-large size-large wp-image-2100\" alt=\"\" loading=\"lazy\" srcset=\"https:\/\/puskurum.com\/wp-content\/uploads\/2023\/07\/33880_14_29_55.png 900w, https:\/\/puskurum.com\/wp-content\/uploads\/2023\/07\/33880_14_29_55-300x187.png 300w, https:\/\/puskurum.com\/wp-content\/uploads\/2023\/07\/33880_14_29_55-768x478.png 768w\" sizes=\"(max-width: 900px) 100vw, 900px\" \/>\t\t\t\t\t\t\t\t<\/a>\n\t\t\t\t\t\t\t\t\t\t\t\t\t\t\t<\/div>\n\t\t\t\t<\/div>\n\t\t\t\t\t<\/div>\n\t\t<\/div>\n\t\t\t\t\t\t\t<\/div>\n\t\t<\/section>\n\t\t\t\t<section class=\"elementor-section elementor-top-section elementor-element elementor-element-da9031c elementor-section-boxed elementor-section-height-default elementor-section-height-default\" data-id=\"da9031c\" data-element_type=\"section\">\n\t\t\t\t\t\t<div class=\"elementor-container elementor-column-gap-default\">\n\t\t\t\t\t<div class=\"elementor-column elementor-col-100 elementor-top-column elementor-element elementor-element-9ca7323\" data-id=\"9ca7323\" data-element_type=\"column\">\n\t\t\t<div class=\"elementor-widget-wrap elementor-element-populated\">\n\t\t\t\t\t\t\t\t<div class=\"elementor-element elementor-element-3a98ecf elementor-widget elementor-widget-spacer\" data-id=\"3a98ecf\" data-element_type=\"widget\" data-widget_type=\"spacer.default\">\n\t\t\t\t<div class=\"elementor-widget-container\">\n\t\t\t\t\t<div class=\"elementor-spacer\">\n\t\t\t<div class=\"elementor-spacer-inner\"><\/div>\n\t\t<\/div>\n\t\t\t\t<\/div>\n\t\t\t\t<\/div>\n\t\t\t\t<div class=\"elementor-element elementor-element-2c70391 elementor-widget elementor-widget-heading\" data-id=\"2c70391\" data-element_type=\"widget\" data-widget_type=\"heading.default\">\n\t\t\t\t<div class=\"elementor-widget-container\">\n\t\t\t<h4 class=\"elementor-heading-title elementor-size-default\">INQUA Congress - 2023 <\/h4>\t\t<\/div>\n\t\t\t\t<\/div>\n\t\t\t\t<div class=\"elementor-element elementor-element-e75e45e elementor-widget elementor-widget-text-editor\" data-id=\"e75e45e\" data-element_type=\"widget\" data-widget_type=\"text-editor.default\">\n\t\t\t\t<div class=\"elementor-widget-container\">\n\t\t\t\t\t\t\t<p><span style=\"font-weight: 400;\">In July 2023, <\/span><a href=\"https:\/\/puskurum.com\/index.php\/team\/ivan_sunye_puchol\/\"><span style=\"font-weight: 400;\">Dr. Ivan Suny\u00e9 Puchol<\/span><\/a><span style=\"font-weight: 400;\"> will present the collapse mechanism of Acig\u00f6l caldera during the <\/span><a href=\"https:\/\/inquaroma2023.org\/\"><span style=\"font-weight: 400;\">XXI International Union for Quaternary Research (INQUA) congress<\/span><\/a><span style=\"font-weight: 400;\"> that will be held in La Sapienza University of Rome (Italy). Within the INQUA framework, Ivan (which is the PI of the P\u00dcSK\u00dcR\u00dcM project) has organised the <\/span><a href=\"https:\/\/inquaroma2023.org\/workshops-and-short-courses\/\"><span style=\"font-weight: 400;\">Workshop (PCW3) <\/span><\/a><span style=\"font-weight: 400;\">about the <a href=\"https:\/\/puskurum.com\/index.php\/participate\/#inqua\" target=\"_blank\" rel=\"noopener\">\u201c<\/a><\/span><a href=\"_wp_link_placeholder\"><span style=\"font-weight: 400;\">Quaternary explosive volcanism of Anatolia and its implications for volcanic hazard assessments in Turkey<\/span><\/a><span style=\"font-weight: 400;\"><a href=\"_wp_link_placeholder\">\u201d<\/a> <\/span><span style=\"font-weight: 400;\">together with other scientist (e.g. Rebbeca Kearney from GFZ- Potsdam, Germany).\u00a0<\/span><\/p><p><span style=\"font-weight: 400;\">This PCW3 Workshop will be a perfect opportunity to discuss with the scientific community, the current state-of-the-art of Anatolian volcanism studies and how important is it to improve the eruption record knowledge for better hazard assessments. In this occasion, the P\u00dcSK\u00dcR\u00dcM team members (i.e., Ivan, Rengin and Simge) will share the latest findings about Central Anatolian volcanoes. <\/span><\/p>\t\t\t\t\t\t<\/div>\n\t\t\t\t<\/div>\n\t\t\t\t\t<\/div>\n\t\t<\/div>\n\t\t\t\t\t\t\t<\/div>\n\t\t<\/section>\n\t\t\t\t<section class=\"elementor-section elementor-top-section elementor-element elementor-element-fdc9b7b elementor-section-boxed elementor-section-height-default elementor-section-height-default\" data-id=\"fdc9b7b\" data-element_type=\"section\">\n\t\t\t\t\t\t<div class=\"elementor-container elementor-column-gap-default\">\n\t\t\t\t\t<div class=\"elementor-column elementor-col-100 elementor-top-column elementor-element elementor-element-82eefd7\" data-id=\"82eefd7\" data-element_type=\"column\">\n\t\t\t<div class=\"elementor-widget-wrap elementor-element-populated\">\n\t\t\t\t\t\t\t\t<div class=\"elementor-element elementor-element-f74b011 elementor-widget elementor-widget-image\" data-id=\"f74b011\" data-element_type=\"widget\" data-widget_type=\"image.default\">\n\t\t\t\t<div class=\"elementor-widget-container\">\n\t\t\t\t\t\t\t\t\t\t\t\t\t\t\t\t<a href=\"http:\/\/puskurum.com\/wp-content\/uploads\/2023\/06\/image10-2.png\" data-elementor-open-lightbox=\"yes\" data-elementor-lightbox-title=\"image10\" data-e-action-hash=\"#elementor-action%3Aaction%3Dlightbox%26settings%3DeyJpZCI6MTgzMiwidXJsIjoiaHR0cHM6XC9cL3B1c2t1cnVtLmNvbVwvd3AtY29udGVudFwvdXBsb2Fkc1wvMjAyM1wvMDZcL2ltYWdlMTAtMi5wbmcifQ%3D%3D\">\n\t\t\t\t\t\t\t<img decoding=\"async\" width=\"716\" height=\"590\" src=\"https:\/\/puskurum.com\/wp-content\/uploads\/2023\/06\/image10-2.png\" class=\"attachment-large size-large wp-image-1832\" alt=\"\" loading=\"lazy\" srcset=\"https:\/\/puskurum.com\/wp-content\/uploads\/2023\/06\/image10-2.png 716w, https:\/\/puskurum.com\/wp-content\/uploads\/2023\/06\/image10-2-300x247.png 300w\" sizes=\"(max-width: 716px) 100vw, 716px\" \/>\t\t\t\t\t\t\t\t<\/a>\n\t\t\t\t\t\t\t\t\t\t\t\t\t\t\t<\/div>\n\t\t\t\t<\/div>\n\t\t\t\t\t<\/div>\n\t\t<\/div>\n\t\t\t\t\t\t\t<\/div>\n\t\t<\/section>\n\t\t\t\t<section class=\"elementor-section elementor-top-section elementor-element elementor-element-cfb5663 elementor-section-boxed elementor-section-height-default elementor-section-height-default\" data-id=\"cfb5663\" data-element_type=\"section\">\n\t\t\t\t\t\t<div class=\"elementor-container elementor-column-gap-default\">\n\t\t\t\t\t<div class=\"elementor-column elementor-col-100 elementor-top-column elementor-element elementor-element-6e28970\" data-id=\"6e28970\" data-element_type=\"column\">\n\t\t\t<div class=\"elementor-widget-wrap elementor-element-populated\">\n\t\t\t\t\t\t\t\t<div class=\"elementor-element elementor-element-fdd340b elementor-widget elementor-widget-spacer\" data-id=\"fdd340b\" data-element_type=\"widget\" data-widget_type=\"spacer.default\">\n\t\t\t\t<div class=\"elementor-widget-container\">\n\t\t\t\t\t<div class=\"elementor-spacer\">\n\t\t\t<div class=\"elementor-spacer-inner\"><\/div>\n\t\t<\/div>\n\t\t\t\t<\/div>\n\t\t\t\t<\/div>\n\t\t\t\t<div class=\"elementor-element elementor-element-10acc10 elementor-widget elementor-widget-heading\" data-id=\"10acc10\" data-element_type=\"widget\" data-widget_type=\"heading.default\">\n\t\t\t\t<div class=\"elementor-widget-container\">\n\t\t\t<h4 class=\"elementor-heading-title elementor-size-default\">The Geoscience paradigm: Resources, Risks and future perspectives - 2023 <\/h4>\t\t<\/div>\n\t\t\t\t<\/div>\n\t\t\t\t<div class=\"elementor-element elementor-element-d456907 elementor-widget elementor-widget-text-editor\" data-id=\"d456907\" data-element_type=\"widget\" data-widget_type=\"text-editor.default\">\n\t\t\t\t<div class=\"elementor-widget-container\">\n\t\t\t\t\t\t\t<p><span style=\"font-weight: 400;\">The P\u00dcSK\u00dcR\u00dcM results will be presented also next year at the <\/span><a href=\"about:blank\"><span style=\"font-weight: 400;\">General Assembly of the European Geosciences Union (EGU)<\/span><\/a><span style=\"font-weight: 400;\"> from 14 to 19 April of 2024 in Vienna, Austria. The EGU of the most important European conference that brings together geoscientists from all over the world to one meeting covering all disciplines of the Earth, planetary, and space sciences. The EGU aims to provide a forum where scientists, especially early career researchers, can present their work and discuss their ideas with experts in all fields of geoscience.<\/span><\/p>\t\t\t\t\t\t<\/div>\n\t\t\t\t<\/div>\n\t\t\t\t\t<\/div>\n\t\t<\/div>\n\t\t\t\t\t\t\t<\/div>\n\t\t<\/section>\n\t\t\t\t<section class=\"elementor-section elementor-top-section elementor-element elementor-element-89c95f4 elementor-section-boxed elementor-section-height-default elementor-section-height-default\" data-id=\"89c95f4\" data-element_type=\"section\">\n\t\t\t\t\t\t<div class=\"elementor-container elementor-column-gap-default\">\n\t\t\t\t\t<div class=\"elementor-column elementor-col-100 elementor-top-column elementor-element elementor-element-343ba99\" data-id=\"343ba99\" data-element_type=\"column\">\n\t\t\t<div class=\"elementor-widget-wrap elementor-element-populated\">\n\t\t\t\t\t\t\t\t<div class=\"elementor-element elementor-element-9544b65 elementor-widget elementor-widget-image\" data-id=\"9544b65\" data-element_type=\"widget\" data-widget_type=\"image.default\">\n\t\t\t\t<div class=\"elementor-widget-container\">\n\t\t\t\t\t\t\t\t\t\t\t\t\t\t\t\t<a href=\"http:\/\/puskurum.com\/wp-content\/uploads\/2023\/06\/image11-1.jpg\" data-elementor-open-lightbox=\"yes\" data-elementor-lightbox-title=\"image11\" data-e-action-hash=\"#elementor-action%3Aaction%3Dlightbox%26settings%3DeyJpZCI6MTgzMywidXJsIjoiaHR0cHM6XC9cL3B1c2t1cnVtLmNvbVwvd3AtY29udGVudFwvdXBsb2Fkc1wvMjAyM1wvMDZcL2ltYWdlMTEtMS5qcGcifQ%3D%3D\">\n\t\t\t\t\t\t\t<img decoding=\"async\" width=\"1024\" height=\"461\" src=\"https:\/\/puskurum.com\/wp-content\/uploads\/2023\/06\/image11-1-1024x461.jpg\" class=\"attachment-large size-large wp-image-1833\" alt=\"\" loading=\"lazy\" srcset=\"https:\/\/puskurum.com\/wp-content\/uploads\/2023\/06\/image11-1-1024x461.jpg 1024w, https:\/\/puskurum.com\/wp-content\/uploads\/2023\/06\/image11-1-300x135.jpg 300w, https:\/\/puskurum.com\/wp-content\/uploads\/2023\/06\/image11-1-768x346.jpg 768w, https:\/\/puskurum.com\/wp-content\/uploads\/2023\/06\/image11-1-1536x691.jpg 1536w, https:\/\/puskurum.com\/wp-content\/uploads\/2023\/06\/image11-1.jpg 1920w\" sizes=\"(max-width: 1024px) 100vw, 1024px\" \/>\t\t\t\t\t\t\t\t<\/a>\n\t\t\t\t\t\t\t\t\t\t\t\t\t\t\t<\/div>\n\t\t\t\t<\/div>\n\t\t\t\t\t<\/div>\n\t\t<\/div>\n\t\t\t\t\t\t\t<\/div>\n\t\t<\/section>\n\t\t\t\t\t\t\t<\/div>\n\t\t","protected":false},"excerpt":{"rendered":"<p>CONFERENCES MedGU &#8211; 2021 The P\u00dcSK\u00dcR\u00dcM project was presented at the 1st Mediterranean Geoscience Union (MedGU) \u00a0Conference held in Istanbul in November 2021. The Phd student Rengin \u00d6zsoy and Dr. Ivan Suny\u00e9 Puchol (PI of the project) had introduced P\u00dcSK\u00dcR\u00dcM to the national and international community in Turkey, getting valuable feedback and potential collaborations. 75th &hellip;<\/p>\n<p class=\"read-more\"> <a class=\"\" href=\"https:\/\/puskurum.com\/index.php\/conferences\/\"> <span class=\"screen-reader-text\">CONFERENCES<\/span> Read More &raquo;<\/a><\/p>\n","protected":false},"author":1,"featured_media":0,"parent":0,"menu_order":0,"comment_status":"closed","ping_status":"closed","template":"","meta":{"site-sidebar-layout":"no-sidebar","site-content-layout":"page-builder","ast-global-header-display":"","ast-main-header-display":"","ast-hfb-above-header-display":"","ast-hfb-below-header-display":"","ast-hfb-mobile-header-display":"","site-post-title":"disabled","ast-breadcrumbs-content":"","ast-featured-img":"disabled","footer-sml-layout":"","theme-transparent-header-meta":"","adv-header-id-meta":"","stick-header-meta":"","header-above-stick-meta":"","header-main-stick-meta":"","header-below-stick-meta":""},"_links":{"self":[{"href":"https:\/\/puskurum.com\/index.php\/wp-json\/wp\/v2\/pages\/1496"}],"collection":[{"href":"https:\/\/puskurum.com\/index.php\/wp-json\/wp\/v2\/pages"}],"about":[{"href":"https:\/\/puskurum.com\/index.php\/wp-json\/wp\/v2\/types\/page"}],"author":[{"embeddable":true,"href":"https:\/\/puskurum.com\/index.php\/wp-json\/wp\/v2\/users\/1"}],"replies":[{"embeddable":true,"href":"https:\/\/puskurum.com\/index.php\/wp-json\/wp\/v2\/comments?post=1496"}],"version-history":[{"count":4,"href":"https:\/\/puskurum.com\/index.php\/wp-json\/wp\/v2\/pages\/1496\/revisions"}],"predecessor-version":[{"id":2302,"href":"https:\/\/puskurum.com\/index.php\/wp-json\/wp\/v2\/pages\/1496\/revisions\/2302"}],"wp:attachment":[{"href":"https:\/\/puskurum.com\/index.php\/wp-json\/wp\/v2\/media?parent=1496"}],"curies":[{"name":"wp","href":"https:\/\/api.w.org\/{rel}","templated":true}]}}